{"id":22,"date":"2024-05-05T09:43:59","date_gmt":"2024-05-05T09:43:59","guid":{"rendered":"https:\/\/notre-echelle.com\/Staged\/home\/"},"modified":"2024-05-25T20:08:29","modified_gmt":"2024-05-25T20:08:29","slug":"home","status":"publish","type":"page","link":"https:\/\/notre-echelle.com\/Staged\/","title":{"rendered":"Home"},"content":{"rendered":"\n\n\n\n<p>Lorem Ipsum has been the industry&#8217;s standard dummy text ever since the 1500s.<\/p>\n\n\n\n\n<h2>Over ons<\/h2>\n\n\n\n<p>Het verhaal van Notre \u00c9chelle<br>Wij zijn Jan en Merel en we zijn bezig een vakantiehuis te cre\u00ebren waar veel rust en plezier is en waar soms dromen geboren gaan worden.<br>Notre \u00e9chelle of onze ladder staat voor\u00a0<em>onze ladder<\/em>\u00a0en dus voor\u00a0<em>bij ons<\/em>.<br>Beide woorden beschrijven het begin van iets nieuws en defini\u00ebren wie wij zijn.<br>De val van een \u2018ladder\u2019 van Jan begin 2021 markeert het begin van onze keuze ons bedrijf achter ons te laten en iets spannends en nieuws in Frankrijk te starten! \u00a0\u00a0<\/p>\n\n\n\n\n\n\n<h2>Notre \u00c9chelle Une<\/h2>\n\n\n\n<p>Een heerlijk licht huis, In 2023 verbouwd naar een vakantiehuis waar je een combinatie treft van oude elementen uit de naastgelegen boerderij\u00a0 met nieuwe elementen als een\u00a0 nieuwe\u00a0 keuken en badkamer. Mobiele Airco op 1e etage, fan op begane grond. Het huis staat aan de\u00a0 rand van het dorp Alluy aan de voet van de Morvan.\u00a0 Je vind hier rust, natuur, water en het mooie platteland maar ook de gezelligheid van de zeer nabij gelegen dorpjes en haventjes langs het Canal de Nivernais.<\/p>\n\n\n\n\n<p>Lorem Ipsum has been the industry&#8217;s standard dummy text ever since the 1500s.<\/p>\n\n\n\n\n\n\n<h2>Notre \u00c9chelle Deux<\/h2>\n\n\n<p>Een heerlijk licht huis direct naast Notre \u00c9chelle 1. In 2024 verbouwd naar een vakantiehuis waar je een combinatie treft van oude elementen uit de naastgelegen boerderij met nieuwe elementen als een nieuwe keuken en badkamer. In de tuin een zwembad met groot zonneterras. Het huis staat aan de rand van het dorp Alluy aan de voet van de Morvan. Je vind hier rust,&nbsp; het mooie platteland maar ook de gezelligheid van de zeer nabij gelegen dorpjes en haventjes langs het Canal de Nivernais.<\/p>\n<p>Lorem Ipsum has been the industry&#8217;s standard dummy text ever since the 1500s.<\/p>\n\n\n\n<p>Lorem Ipsum has been the industry&#8217;s standard dummy text ever since the 1500s.<\/p>\n\n\n\n\n\n<span style=\"font-size:x-large;\"><strong><\/strong><\/span><span style=\"color:#e60000;\"><span style=\"font-size:x-large;\"><strong>NOTRE \u00c9CHELLE UNE<\/strong><p style=\"\"><\/p><\/span><p style=\"\"><\/p><\/span><p style=\"color: rgb(255, 255, 0);\">klik voor een impressie<\/p>\n\n\n<span style=\"font-size:x-large;\"><strong><\/strong><\/span><span style=\"color:#e60000;\"><span style=\"font-size:x-large;\"><strong>NOTRE \u00c9CHELLE DEUX<\/strong><p style=\"\"><\/p><\/span><p style=\"\"><\/p><\/span><p style=\"color: rgb(255, 255, 0);\">klik voor een impressie<\/p>\n\n\n<span style=\"font-size:x-large;\"><strong><\/strong><\/span><span style=\"color:#e60000;\"><span style=\"font-size:x-large;\"><strong>ZWEMBAD<\/strong><br><p style=\"\"><\/p><\/span><p style=\"\"><\/p><\/span><p style=\"color: rgb(255, 255, 0);\">klik voor een impressie<\/p>\n\n\n\n\n\n<h2>DE OMGEVING<\/h2>\n\n\n\n\n\n\n.\n\n\n\n<span style=\"font-size:x-large;\"><br><p style=\"color: rgb(255, 255, 0);\"><\/p><\/span><p style=\"color: rgb(255, 255, 0);\">klik voor een impressie<\/p>\n\n\n\n\n<br>\n\n\n\n\n\n\n\n","protected":false},"excerpt":{"rendered":"","protected":false},"author":0,"featured_media":0,"parent":0,"menu_order":0,"comment_status":"closed","ping_status":"closed","template":"","meta":{"pagelayer_contact_templates":[],"_pagelayer_content":"","footnotes":""},"class_list":["post-22","page","type-page","status-publish","hentry"],"_links":{"self":[{"href":"https:\/\/notre-echelle.com\/Staged\/wp-json\/wp\/v2\/pages\/22","targetHints":{"allow":["GET"]}}],"collection":[{"href":"https:\/\/notre-echelle.com\/Staged\/wp-json\/wp\/v2\/pages"}],"about":[{"href":"https:\/\/notre-echelle.com\/Staged\/wp-json\/wp\/v2\/types\/page"}],"replies":[{"embeddable":true,"href":"https:\/\/notre-echelle.com\/Staged\/wp-json\/wp\/v2\/comments?post=22"}],"version-history":[{"count":37,"href":"https:\/\/notre-echelle.com\/Staged\/wp-json\/wp\/v2\/pages\/22\/revisions"}],"predecessor-version":[{"id":291,"href":"https:\/\/notre-echelle.com\/Staged\/wp-json\/wp\/v2\/pages\/22\/revisions\/291"}],"wp:attachment":[{"href":"https:\/\/notre-echelle.com\/Staged\/wp-json\/wp\/v2\/media?parent=22"}],"curies":[{"name":"wp","href":"https:\/\/api.w.org\/{rel}","templated":true}]}}

<p>Lorem Ipsum has been the industry&#8217;s standard dummy text ever since the 1500s.</p>




<h2>Over ons</h2>



<p>Het verhaal van Notre Échelle<br>Wij zijn Jan en Merel en we zijn bezig een vakantiehuis te creëren waar veel rust en plezier is en waar soms dromen geboren gaan worden.<br>Notre échelle of onze ladder staat voor <em>onze ladder</em> en dus voor <em>bij ons</em>.<br>Beide woorden beschrijven het begin van iets nieuws en definiëren wie wij zijn.<br>De val van een ‘ladder’ van Jan begin 2021 markeert het begin van onze keuze ons bedrijf achter ons te laten en iets spannends en nieuws in Frankrijk te starten!   </p>






<h2>Notre Échelle Une</h2>



<p>Een heerlijk licht huis, In 2023 verbouwd naar een vakantiehuis waar je een combinatie treft van oude elementen uit de naastgelegen boerderij  met nieuwe elementen als een  nieuwe  keuken en badkamer. Mobiele Airco op 1e etage, fan op begane grond. Het huis staat aan de  rand van het dorp Alluy aan de voet van de Morvan.  Je vind hier rust, natuur, water en het mooie platteland maar ook de gezelligheid van de zeer nabij gelegen dorpjes en haventjes langs het Canal de Nivernais.</p>




<p>Lorem Ipsum has been the industry&#8217;s standard dummy text ever since the 1500s.</p>






<h2>Notre Échelle Deux</h2>


<p>Een heerlijk licht huis direct naast Notre Échelle 1. In 2024 verbouwd naar een vakantiehuis waar je een combinatie treft van oude elementen uit de naastgelegen boerderij met nieuwe elementen als een nieuwe keuken en badkamer. In de tuin een zwembad met groot zonneterras. Het huis staat aan de rand van het dorp Alluy aan de voet van de Morvan. Je vind hier rust,&nbsp; het mooie platteland maar ook de gezelligheid van de zeer nabij gelegen dorpjes en haventjes langs het Canal de Nivernais.</p>
<p>Lorem Ipsum has been the industry&#8217;s standard dummy text ever since the 1500s.</p>



<p>Lorem Ipsum has been the industry&#8217;s standard dummy text ever since the 1500s.</p>





<span style="font-size:x-large;"><strong></strong></span><span style="color:#e60000;"><span style="font-size:x-large;"><strong>NOTRE ÉCHELLE UNE</strong><p style=""></p></span><p style=""></p></span><p style="color: rgb(255, 255, 0);">klik voor een impressie</p>


<span style="font-size:x-large;"><strong></strong></span><span style="color:#e60000;"><span style="font-size:x-large;"><strong>NOTRE ÉCHELLE DEUX</strong><p style=""></p></span><p style=""></p></span><p style="color: rgb(255, 255, 0);">klik voor een impressie</p>


<span style="font-size:x-large;"><strong></strong></span><span style="color:#e60000;"><span style="font-size:x-large;"><strong>ZWEMBAD</strong><br><p style=""></p></span><p style=""></p></span><p style="color: rgb(255, 255, 0);">klik voor een impressie</p>





<h2>DE OMGEVING</h2>






.



<span style="font-size:x-large;"><br><p style="color: rgb(255, 255, 0);"></p></span><p style="color: rgb(255, 255, 0);">klik voor een impressie</p>




<br>
